Let m(q) = -5*q + 31. Let x be m(9). Let n = 15 - 30. Let i = x - n. What is s(i)?
-8
Suppose 0*i - 8 = 3*i + 5*g, 4*i - 4*g + 32 = 0. Let k(x) = -3*x**2 - 13*x + 6. What is k(i)?
-24
Let n(u) be the first derivative of -u**4/4 - 17*u**3/3 - 15*u**2 - u - 291. What is n(-15)?
-1
Let i(k) be the first derivative of -2*k**2 - k - 28. Let q = 1 - -4. Suppose 3*d - j = -3, -j + 3 + 2 = -q*d. Calculate i(d).
3
Suppose -15 = 2*u - 17*u. Let p be u + (2 + 0 - 0 - 3). Let b(w) = -w**2 + 22. What is b(p)?
22
Let a be (20/(-6) - -3)*-3. Let k(l) = 10*l - 3. What is k(a)?
7
Let u = -149 + 151. Let b(g) = -u*g - 25 + 8 - 2*g**2 + 16 - 9*g**3. Suppose 4*f + 5 = -f. Give b(f).
8
Let t be (-793)/91 + 2/(-7). Let x(w) = -w**2 - 8*w + 13. Let d be x(t). Let i(o) = o**2 - o + 4*o - 4 - d*o - 2*o. Calculate i(4).
0
Let b(t) = -t**2 - 4*t + 4. Let m be (-156)/(-15)*(0 + 5). Suppose -41 = 4*r + 5*u, -m = 2*r - u - 21. Let c = -17 - r. Determine b(c).
7
Let n(s) be the second derivative of 1/6*s**3 - 4*s + 0 + 1/2*s**2. Give n(0).
1
Let f = 48 + -8. Let w be f/(-6) + 6/9. Let i(s) be the second derivative of -s**3/3 - 7*s**2/2 + 3*s - 41. Give i(w).
5
Let w = 121 + -120. Let p(g) be the first derivative of 1/3*g**3 + w - 2*g + 3/2*g**2. Determine p(-3).
-2
Let u(j) = -4*j + 2. Let o(v) = 5*v - 5. Let k be o(2). Let d be (1 - k)*18/36. Calculate u(d).
10
Let d = 5 + 0. Suppose j + 5 = -5*v - 16, 5*j - d*v = 45. Let o(g) = -g**3 + 5*g**2 - 3*g. Calculate o(j).
4
Let j(o) be the first derivative of o**2/2 - 9*o - 109. Determine j(8).
-1
Let y(s) = -3*s - 12*s**2 + 15 - 17 + 14 + 13*s**2 + 2*s. Let h(d) = -d - 6. Let m be h(-6). Determine y(m).
12
Let q(m) = -m + 10. Suppose -3 = 4*n + 5*l + 1, -2*l - 28 = -5*n. Suppose 4*x - 3*c = -99 - 9, n*x - c = -108. Let r = x + 33. Calculate q(r).
4
Let p(s) = -5*s**2 - 9*s + 28. Let t(d) = -11*d**2 - 19*d + 59. Let c(w) = 9*p(w) - 4*t(w). What is c(-7)?
2
Let t(v) = -v. Let z(g) = -g**3 + 8*g**2 - 4*g - 15. Let f be z(7). Let n(m) = -m**3 + 5*m**2 - 11*m - 3. Let q(i) = f*t(i) - n(i). Determine q(4).
7
Suppose -154 - 686 = -8*n. Let r = n - 108. Let b(l) = l**3 + 2*l**2 + 2*l - 1. Determine b(r).
-16
Let y = -3 + 1. Let b(g) = -g**2 - g + 1. Let s(z) = z**2 + 2*z + 4. Let a(q) = -b(q) + s(q). Let k(f) be the first derivative of a(f). Calculate k(y).
-5
Let d(h) = -h**2 + 6*h - 5. Let q(b) = b**2 + 19*b + 20. Let z be q(-18). Let k be (0 - 2 - -6)*(z - 1). What is d(k)?
3
Let a be 6/(-27) - 116/(-36). Let b = -3 - -6. Let j(r) = -r**2 + 70*r**a - 1 + 3*r - 36*r**3 - 35*r**b. Give j(2).
-7
Let u(l) = -6*l**2 - 7*l + 7. Let z be u(1). Let t(v) = 3*v + 12. What is t(z)?
-6
Let z(d) be the third derivative of d**5/60 - d**3/6 - 9*d**2. Let f(n) = -5*n. Let k(q) = -f(q) + z(q). Calculate k(-4).
-5
Suppose -4*i + 2*f - 374 = 0, 0 = -5*i + 3*i - 5*f - 205. Let j = i - -92. Let h(m) = -4*m + 1. Calculate h(j).
13
Let u(d) = 0*d + 0*d - 3*d + 1 + d. Calculate u(5).
-9
Let r = -428 - -429. Let u(j) = -4*j**2 + j. What is u(r)?
-3
Let y(d) = -d**2 + 5*d + 2. Let i(h) = h + 4 - 6*h**3 - 2*h - 5. Let b be i(-1). Determine y(b).
-4
Let h(g) = g**2 + g + 1. Suppose 5*k + 13 = -42. Let r = k + 8. What is h(r)?
7
Let m = -28 + 30. Let f(s) = 12*s**3 + 32*s + 38*s - 71*s + m*s**2. Give f(1).
13
Let w(l) = -l**3 - 15*l**2 - 12*l + 33. Suppose -85*k + 28*k - 798 = 0. Determine w(k).
5
Let f = 7 + -6. Let x(l) be the first derivative of l + 0*l**2 + 1 - 1/3*l**3 - 9/4*l**4. What is x(f)?
-9
Let j(c) be the second derivative of -c**5/20 + c**4/3 + c**3 + c**2/2 - 5*c. Let b(d) = -d**3 + 6*d**2 - 3*d + 23. Let z be b(6). Give j(z).
6
Let u(x) = 2*x - 3. Let v be u(3). Let s = -115 + 118. Let r(l) = -s - 12*l**2 + 0*l**3 + 9*l**2 - v*l + l**3 - 2. Calculate r(4).
-1
Suppose -150 = -33*s + 18*s. Let i(k) = -k**3 + 9*k**2 + 13*k - 24. Calculate i(s).
6
Let h(d) be the first derivative of d**3/3 - 7*d**2/2 - 7*d - 82. Calculate h(7).
-7
Let z(t) = 2*t**3 - 173 + 173. Let a be z(1). Let l(h) be the third derivative of -h**4/4 + h**3/3 + h**2. Determine l(a).
-10
Let h(l) = l**3 + 2*l**2 - 4*l - 1. Let m = 21 - 5. Let p be (m/(-12))/((-2)/3). Suppose 0*i = p*i + 6. Determine h(i).
2
Let g(z) = 11*z. Let i(o) = -5*o. Let p(f) = 6*g(f) + 13*i(f). Let y(u) = -2*u. Let x = 1 - 3. Let k be y(x). What is p(k)?
4
Let y(x) = -x**3 + 5*x**2 - 4*x + 1. Let t be -4*((-105)/4)/21. What is y(t)?
-19
Let h(b) = -3*b**3 - 3*b + 67. Let i(n) = -17*n**3 - 17*n + 336. Let q(s) = 11*h(s) - 2*i(s). Calculate q(0).
65
Let w(s) = s**3 - 2*s**2 + 3*s. Suppose 5 - 21 = -8*x. Determine w(x).
6
Let x(z) be the third derivative of z**4/24 + 282*z**2. What is x(11)?
11
Let k(s) be the second derivative of s**4/6 - 7*s**3/6 + 3*s**2/2 + 86*s. Calculate k(3).
0
Suppose 3*d = -2*z + 28, z - 2*z = -4*d + 19. Let p(g) = -g**3 + 7*g**2 - 8. Determine p(d).
28
Let w(h) = -h**3 + 3*h**2 - 9*h - 11. Let i(f) = -2*f**3 + 7*f**2 - 16*f - 21. Let z(m) = 3*i(m) - 5*w(m). Calculate z(6).
-26
Let x(g) = -g + 6. Suppose n - 4 = -m, 3*n = 2*n + 4*m + 9. Calculate x(n).
1
Let i(l) = 4*l - 9. Let t(w) = -5*w + 10. Let f(j) = 6*i(j) + 5*t(j). Let g = -32 - -26. Calculate f(g).
2
Let s(c) = -c**3 + 5*c**2 - 2. Let w = -2 - -7. Let f(z) = -6 + 5*z - 3*z + 1 + z**2 - 5*z. Let i be f(w). Give s(i).
-2
Let v(j) = -j**3 + 2*j**2 + 3*j - 1. Let l be (0 - 9)*(-2)/6. What is v(l)?
-1
Let o be (-3 - (-2)/2) + 3. Let y(v) = 28*v**2 - 5*v**3 - 84*v**2 + 29*v**2 + 2*v - 1 + 25*v**2. Calculate y(o).
-6
Let k = 8 - 11. Let r be 0 - 2/(k + 4). Let s be (7 - 3)*1 + r. Let d(j) = -2*j**3 + j**2 + 2*j. Determine d(s).
-8
Let w(g) = -2*g - 5. Suppose -4*j - 29 - 1 = 2*r, -3*j - 40 = 5*r. Let b be j + 2 - (-4)/12*-3. What is w(b)?
3
Let a(m) = -m**3 - 23*m**2 - 22*m + 4. Let n be a(-22). Suppose -3*b = 3*r - 12, -3*r - n*b + 9 = -5. Let x(p) = -p**3 - p**2 + 3*p - 1. Give x(r).
-7
Let y(j) be the second derivative of 0 + 1/3*j**4 + 5/2*j**2 - 1/20*j**5 + 1/3*j**3 + 6*j. Let m be (-38)/(-8) - 3/(-12). Calculate y(m).
-10
Let a(s) = 5*s - 2*s + 200 - 193. Calculate a(-6).
-11
Let p(n) be the third derivative of 0*n**3 - 1/8*n**4 + 0*n + 5*n**2 + 0. What is p(6)?
-18
Let z = -344 - -346. Let c(g) be the first derivative of -4 - 1/2*g**z + g**3 + g. What is c(1)?
3
Let j = 1213 - 1210. Let s(g) = g**3 - 2*g**2 - 2*g. Determine s(j).
3
Let x(l) = -2*l - l**2 + 4*l**3 - 5*l**3 - 1 + 0. Suppose 0 = -3*q - 4*u + 30, -2*q - 18 = -6*q + 2*u. Suppose -14*i = -11*i + q. What is x(i)?
7
Let r(p) = 0 + p + 6 - 2*p. Let t(q) = -q**2 - 14*q - 18. Let n = 18 - 30. Let z be t(n). Give r(z).
0
Let f(t) = 2*t - t + t + 0 + 5 - t**2 - 7. What is f(-5)?
-37
Suppose -z + 243 = 2*z. Suppose -z = 5*f - 211. Let w = 26 - f. Let a(k) = -k**2 - k + 3. What is a(w)?
3
Let j(x) be the third derivative of -x**6/5 + x**4/24 - x**3/3 + 40*x**2 + 5. Give j(1).
-25
Let j(l) be the third derivative of -l**8/3360 - l**7/1260 + l**6/720 + l**5/120 + l**4/4 - 11*l**2. Let q(a) be the second derivative of j(a). Give q(-2).
7
Let a = -17 - -12. Let m be ((-96)/56)/(-6) - 12/(-7). Let f(y) = 2*y**2 + 4*y**2 - 671*y + 3*y**3 + 674*y - m*y**3 - 7. Determine f(a).
3
Suppose -i + 0*i + 29 = 0. Let y = 29 - i. Let o(f) = f**2 - f - 1. Determine o(y).
-1
Suppose 0 = -s - x - 48, -3*s - 5*x - 23 - 123 = 0. Let n = s + 44. Let y(g) = -2*g**2 - 3*g + 9. Let h(q) = -1. Let a(v) = 6*h(v) + y(v). Determine a(n).
-6
Let q(o) = -o**3 - 10*o**2 + 12*o + 8. Suppose 173*c = 152*c - 231. What is q(c)?
-3
Let u(s) = s**2 + 2*s - 3. Suppose 0 = -8*p + 6*p + 6. Suppose -p*t + 8 = -7. Suppose -10 + 0 = -t*i. Determine u(i).
5
Let z(h) = 6*h**3 - 18*h**2 - 13*h - 27. Let k(m) = 5*m**3 - 17*m**2 - 10*m - 26. Let y(i) = 5*k(i) - 4*z(i). What is y(13)?
4
Suppose 2*w = -0 - 10. Let l(i) be the first derivative of i**2/2 + i - 689. Calculate l(w).
-4
Suppose -2*p + 9*p + 7*p = 0. Let t(a) be the third derivative of -a**4/24 - a**3/3 + 14*a**2. Give t(p).
-2
Let q(r) be the third derivative of -r**4/24 - r**3/6 - 18*r**2. Let i be q(4). Let l(o) = -5 + o - 5*o + o + 0*o. Give l(i).
10
Let o(w) = 10*w**3 + 2*w**2 - 3*w - 2. Let q be o(-1). Let g(i) = -2 + i - 3*i + i. Calculate g(q).
5
Let l(n) = n**3 + 6*n**2 + 11*n + 5. Let c(r) = r. Let h(m) = 5*c(m) - l(m). Suppose 4*x + 6 + 14 = 0. Wha